 0 = -2*j + 6. Suppose 5*f - 80 = -5*o, 2*f - i = -2*f - 2*o. Calculate the remainder when (-154)/(-4) - (-2)/(-4) is divided by f.
12
Let t = -8 + 11. What is the remainder when t*118*4/24 is divided by 30?
29
Let o(i) = 2*i - 4. Let y(a) be the second derivative of 13*a**3/6 + a**2 + 2*a. Calculate the remainder when y(2) is divided by o(7).
8
Let z(y) = -7*y**3 + y**2 - y + 1. Let q be z(1). Let i(x) = 2*x**2 + 3*x + 2. What is the remainder when i(q) is divided by 19?
18
Let h(j) = -3*j - 2. Let w be h(-2). What is the remainder when 7 is divided by (2 - w) + 12/2?
3
Let u(o) = -5*o + 0 + 5 + o**2 + 0*o. What is the remainder when u(7) is divided by 7?
5
Suppose -4*n + 12 = -2*n. What is the remainder when 29 is divided by n?
5
Suppose 0 = 4*s - 3*s - 6. Suppose 0*n - 198 = -s*n. Calculate the remainder when 98 is divided by n.
32
Suppose 3*p - 3*t - 24 = 0, -3*t - 3 - 1 = p. Let r(n) = -n**3 + 9*n**2 - 2*n + 3. What is the remainder when r(p) is divided by 24?
21
Let v be (-1)/(-3) + 14/(-6). Suppose 0*z - 80 = -4*z. Calculate the remainder when (-4 + 2)*59/v is divided by z.
19
Let c(h) = -1 - 2 + h + 0 + 4*h**2 - h**3. What is the remainder when 17 is divided by c(3)?
8
Calculate the remainder when 81 is divided by (-8)/(-6)*126/14.
9
Let n be 1*(-3 - (-2 + 1)). What is the remainder when -2*(n + 76/(-8)) is divided by 8?
7
Suppose 2*k = 4*a + 18, 3*k - 6 - 12 = -3*a. What is the remainder when 18 is divided by k?
4
Let p = 6 - 3. Suppose 0*v = p*v - 66. What is the remainder when v is divided by 2 - (1 + -1*11)?
10
Suppose 6 = o - 8. Suppose -3*r + 9*h + o = 4*h, -5*r + 5*h + 20 = 0. What is the remainder when 11 is divided by r?
2
Suppose 5 = 4*n + 1. Let a be 3 + 5/((-15)/(-6)). Suppose a*l - 2 = 8. Calculate the remainder when l is divided by n.
0
Let f(y) = y**2 + 23*y + 4 - 23*y. Suppose 4*z = -1 + 25. Calculate the remainder when f(z) is divided by 14.
12
Suppose -5*v = -w - 4*w + 100, -3*w = -4*v - 60. Suppose 4*c = 4*g - 0*g - 28, 4*c = -w. What is the remainder when 6 is divided by g?
0
Suppose -5*u + 2*t + 141 = -64, 5*t + 25 = 0. Calculate the remainder when u is divided by 8.
7
Suppose 5*m + 4*f = 105, 4*m + 7 - 100 = -5*f. Calculate the remainder when 65 is divided by m.
14
Let s = 71 - 57. What is the remainder when 69 is divided by s?
13
Calculate the remainder when 19 is divided by -4*(-9)/36*4/1.
3
Suppose -3 = j + 1. Let v = j - -9. Suppose p + v*z + 0 = 3, 0 = 3*p - z - 25. Calculate the remainder when 31 is divided by p.
7
Let j(b) = -b - 4. Calculate the remainder when j(-6) is divided by 1 + 0/(2 - 3).
0
Let s(h) = 5*h**2 + h + 6. Calculate the remainder when s(3) is divided by 11.
10
Suppose -8*x = -45 - 3. What is the remainder when 14 is divided by x?
2
Let j(o) = o**3 - o**2 - o + 45. What is the remainder when 87 is divided by j(0)?
42
Suppose 0 = 2*l - 5*l + 60. Let a(s) = 15*s - 2. What is the remainder when a(4) is divided by l?
18
Suppose 2*i - d + 5*d = 6, -5*i + 3*d = 11. Let n(o) = 4*o**3 - o**2 + 1. Calculate the remainder when 3/12*(27 - i) is divided by n(1).
3
Let u(t) = -t**3 - 5*t**2 - 4. Let b be u(-4). Calculate the remainder when 15 is divided by (b/15)/(1/(-3)).
3
Suppose 12 = -6*v + 9*v. What is the remainder when (-1)/((v/(-13))/4) is divided by 4?
1
Let c = -53 - 23. Let z = -42 - c. What is the remainder when z is divided by 12?
10
Suppose -1 = -2*b + 35. Suppose d = 4*d + 45. Let l = d - -25. What is the remainder when b is divided by l?
8
Let l(z) = z**2 - 5*z + 2. Calculate the remainder when l(9) is divided by 13.
12
Let f(k) = k**2 - 2. Let a be f(2). Suppose -s + 2 = 3, -2*l - 2*s = a. Calculate the remainder when 6*((-6)/(-9) - l) is divided by 2.
0
Suppose 3*q - 5*p + 333 - 92 = 0, q = p - 77. Let s be q/16 - 1/2. Let b = 4 - s. What is the remainder when 25 is divided by b?
7
Let o(m) = 4*m + 3. Let g(w) = w + 1. Let a(k) = -3*g(k) + o(k). Let n(p) = -8*p + 1. What is the remainder when n(-1) is divided by a(5)?
4
Let g(u) = u + 24. What is the remainder when 47 is divided by g(0)?
23
Let c(i) = i**3 - 5*i**2 + 7*i. Suppose 23 = 5*b - 2. What is the remainder when c(b) is divided by -15*(0 + 4/(-5))?
11
Let j = 2 - 1. What is the remainder when 46 is divided by 4/(-8)*(-24)/j?
10
Let f = 1 - -2. Suppose -5*i = -3*s - 0*i + 5, -2*i + 19 = f*s. Suppose -s*r + 148 = -r. What is the remainder when r is divided by 13?
11
Suppose 47 = 4*a - 3*l, 6*l - 28 = -3*a + l. What is the remainder when 53 is divided by a?
9
Let j(m) = -m - 2. Suppose -10 = 3*o + 2*x, 0 = 3*o + x + 3 + 2. Let g be j(o). Calculate the remainder when (-1)/g + 57/6 is divided by 4.
2
Let u be -10 + -1 - 0/1. Let g = 10 + u. What is the remainder when 22 is divided by 9 + -1 + 1 + g?
6
Suppose 0 = 2*f - 5*f + 51. What is the remainder when 29 is divided by f?
12
Let p(o) = -o**2 + 14*o + 4. Calculate the remainder when 43 is divided by p(13).
9
Suppose 3*w = -4*r - 14, 2*r - 3 = w + 3*r. Suppose -w*b = 5*k - 141, -k + 60 = k - b. What is the remainder when k is divided by 15?
14
Let v(q) = -2*q + 5. Let h be v(6). Let z = -2 - h. What is the remainder when z is divided by 2?
1
Let k(y) = -y + 10. What is the remainder when k(-8) is divided by 7?
4
Suppose 0*x - 2*x = -24. What is the remainder when 70 is divided by x?
10
Let d(l) be the first derivative of -31*l**4/2 - l**2 - l - 4. Calculate the remainder when d(-1) is divided by 13.
11
Suppose k - 9*k + 1032 = 0. Calculate the remainder when k is divided by 26.
25
Calculate the remainder when 232 is divided by (-10)/6 + 1079/39.
24
Suppose -2*j = -3*j - 37. Let r = j - -140. Calculate the remainder when r is divided by 26.
25
Suppose 2*a = 2 + 6. Suppose 0 = a*x - 9*x + 135. What is the remainder when x is divided by 15?
12
Let p(f) = f**3 + f**2 - 3*f + 16. Calculate the remainder when p(0) is divided by 5.
1
Let b be 29/(2/(-2))*2. Let u = 103 + b. Suppose -5*i + u = -0*i. Calculate the remainder when 17 is divided by i.
8
Let l(i) = 11*i - 7. Let g be l(-10). Let p = -82 - g. Calculate the remainder when p is divided by 9.
8
Let w = 64 + -39. What is the remainder when w is divided by 9?
7
Suppose -f = 5*i + 8 - 2, 2*i - 4*f + 20 = 0. Let n = -8 + 30. Let h = n - i. What is the remainder when h is divided by 13?
11
Let o(k) be the first derivative of 8*k**3/3 + 3*k**2/2 + 2. Calculate the remainder when o(-2) is divided by 14.
12
Suppose -53 = -2*b - 21. Calculate the remainder when b - (3 + -3)/(-4) is divided by 9.
7
What is the remainder when 17 is divided by (-21)/(-5) + 3/(-15)?
1
Let x = -33 - -30. Calculate the remainder when (1 + x)/((-8)/392) is divided by 25.
23
Suppose -6 = -2*a - 2. Suppose -5*z + 115 = -a*x, 5*x + 88 = 2*z + z. What is the remainder when z is divided by 11?
10
Let x = 19 + -13. Let s(n) = n**3 - 10*n**2 + 11*n + 4. Calculate the remainder when s(9) is divided by x.
4
Let p = -7 + 22. Suppose 3*x - 113 = -4*g, g - 5*x = 30 + 4. Calculate the remainder when g is divided by p.
14
Let k = 19 - 2. Let x = 25 - k. What is the remainder when 13 is divided by x?
5
Let s be (-2)/12 - 7/(-42). Suppose 4*c + 4 = -s*c, -2*c + 54 = 4*z. What is the remainder when 25 is divided by z?
11
Let a(l) = l**2 + 2*l - 2. Let n be a(-4). Suppose 4*y + 58 = n*y. What is the remainder when y is divided by 10?
9
Let j(i) = i**2 + 10*i + 71. Calculate the remainder when j(-7) is divided by 13.
11
Let h(t) = -t**3 - 11*t**2 + 3*t - 26. What is the remainder when h(-12) is divided by 17?
14
Let r = -4 - -53. Let d(i) = i**3 + 6*i**2 - 3*i - 1. What is the remainder when r is divided by d(-6)?
15
Let y = 12 + -2. Let s = 21 - 15. Suppose -g + s = -23. Calculate the remainder when g is divided by y.
9
Calculate the remainder when (-6)/(-42) - 894/(-14) is divided by 17.
13
Let j(q) = 2*q**2 + 3*q - 2. Calculate the remainder when j(-3) is divided by 3.
1
Let a = -4 - -2. What is the remainder when a/7 + 396/14 is divided by 15?
13
Let o = -16 + 94. Suppose v - 2 - 12 = -c, -5*c - v = -o. Calculate the remainder when c is divided by 1/((-3)/27)*(-20)/30.
4
Let k(a) = 3*a - 7*a + 4*a**2 - 2*a**2 + a. Calculate the remainder when 16 is divided by k(3).
7
Suppose -3*p = -f + 29, -2*p + 72 = 5*f - 39. What is the remainder when 87 is divided by f?
18
Let d(c) be 